4 is divided by 2601?
2201
Calculate the remainder when 720018 is divided by 179995.
38
What is the remainder when 769107 is divided by 7930?
7827
What is the remainder when 23114337 is divided by 3852389?
3
What is the remainder when 434698 is divided by 2335?
388
What is the remainder when 17624846 is divided by 75?
71
What is the remainder when 7022999 is divided by 1003?
996
Calculate the remainder when 8907484 is divided by 1154.
912
What is the remainder when 3296695 is divided by 25?
20
What is the remainder when 13349871 is divided by 303?
297
What is the remainder when 11217658 is divided by 209?
1
Calculate the remainder when 10452898 is divided by 51747.
4
What is the remainder when 1221382 is divided by 1171?
29
What is the remainder when 9857669 is divided by 86?
5
What is the remainder when 2361234 is divided by 393526?
78
What is the remainder when 7324832 is divided by 1293?
1280
Calculate the remainder when 204072 is divided by 67911.
339
What is the remainder when 53685640 is divided by 2714?
6
Calculate the remainder when 36593170 is divided by 28.
26
Calculate the remainder when 190118541 is divided by 176.
173
What is the remainder when 28109301 is divided by 248?
237
What is the remainder when 371944 is divided by 358?
340
What is the remainder when 2141521 is divided by 535313?
269
What is the remainder when 6500708 is divided by 8565?
8438
Calculate the remainder when 701067 is divided by 3336.
507
What is the remainder when 19911804 is divided by 1801?
1749
Calculate the remainder when 2242994 is divided by 21.
5
Calculate the remainder when 121809 is divided by 60705.
399
Calculate the remainder when 101188875 is divided by 636.
3
What is the remainder when 55408361 is divided by 223?
220
Calculate the remainder when 921480 is divided by 158.
24
What is the remainder when 7597422 is divided by 415?
17
Calculate the remainder when 1308412 is divided by 327096.
28
What is the remainder when 739677 is divided by 739672?
5
What is the remainder when 2043154 is divided by 123?
1
Calculate the remainder when 7109312 is divided by 29.
20
Calculate the remainder when 227321279 is divided by 22732126.
19
Calculate the remainder when 1115590 is divided by 75.
40
Calculate the remainder when 78365 is divided by 2453.
2322
Calculate the remainder when 11277 is divided by 1611.
0
What is the remainder when 34874182 is divided by 11624725?
7
Calculate the remainder when 23252330 is divided by 257.
255
What is the remainder when 319989577 is divided by 63997915?
2
What is the remainder when 123112 is divided by 4533?
721
What is the remainder when 2741392 is divided by 22287?
91
Calculate the remainder when 22326472 is divided by 282.
250
Calculate the remainder when 6429743 is divided by 9.
8
Calculate the remainder when 21306839 is divided by 33344.
23
Calculate the remainder when 1962818 is divided by 2784.
98
Calculate the remainder when 134400 is divided by 19158.
294
Calculate the remainder when 8824529 is divided by 672.
497
Calculate the remainder when 36336 is divided by 3311.
3226
Calculate the remainder when 79399356 is divided by 81.
78
Calculate the remainder when 828664 is divided by 1018.
12
Calculate the remainder when 185393 is divided by 169.
0
Calculate the remainder when 4968981 is divided by 2466.
2457
What is the remainder when 2781079 is divided by 927015?
34
What is the remainder when 1368134 is divided by 226?
156
What is the remainder when 116884 is divided by 2960?
1444
What is the remainder when 23768357 is divided by 5914?
5905
Calculate the remainder when 8413036 is divided by 5219.
8
Calculate the remainder when 53996 is divided by 10676.
616
What is the remainder when 645054422 is divided by 1206?
1202
Calculate the remainder when 1844163 is divided by 194.
193
Calculate the remainder when 1110820 is divided by 4443.
70
What is the remainder when 315647 is divided by 884?
59
What is the remainder when 343420380 is divided by 2433?
2430
What is the remainder when 9201803 is divided by 1987?
6
Calculate the remainder when 9221762 is divided by 1064.
74
What is the remainder when 6628150 is divided by 26?
22
What is the remainder when 30009 is divided by 199?
159
What is the remainder when 184857 is divided by 45572?
2569
What is the remainder when 12186864 is divided by 316?
8
What is the remainder when 153276450 is divided by 491?
489
Calculate the remainder when 3565 is divided by 149.
138
Calculate the remainder when 12444563 is divided by 55.
43
What is the remainder when 18075052 is divided by 5402?
5362
What is the remainder when 15479167 is divided by 184?
167
What is the remainder when 33316926 is divided by 102830?
6
Calculate the remainder when 162541144 is divided by 14.
10
Calculate the remainder when 7030 is divided by 53.
34
What is the remainder when 73300837 is divided by 4520?
4517
What is the remainder when 113261 is divided by 28308?
29
Calculate the remainder when 27278835 is divided by 509.
507
Calculate the remainder when 365305247 is divided by 306.
305
Calculate the remainder when 3639060 is divided by 8.
4
Calculate the remainder when 217568579 is divided by 1885.
1879
What is the remainder when 5880152 is divided by 168?
152
Calculate the remainder when 290398 is divided by 1536.
94
What is the remainder when 9783200 is divided by 886?
874
Calculate the remainder when 4895742 is divided by 85.
82
Calculate the remainder when 37057 is divided by 1123.
1121
Calculate the remainder when 296391 is divided by 95944.
8559
Calculate the remainder when 71933752 is divided by 6663.
4
What is the remainder when 491013 is divided by 37761?
120
What is the remainder when 8675301 is divided by 9190?
9131
What is the remainder when 6454 is divided by 3227?
0
Calculate the remainder when 723512087 is divided by 117.
116
What is the remainder when 2772723 is divided by 252064?
19
Calculate the remainder when 657189 is divided by 17.
3
What is the remainder when 205801 is divided by 191?
94
What is the remainder when 19385423 is divided by 2021?
2012
Calculate the remainder when 1396194 is divided by 16054.
15550
Calculate the remainder when 51845844 is divided by 4978.
4952
What is the remainder when 32202087 is divided by 270?
267
Calculate the remainder when 7049346 is divided by 29.
26
What is the remainder when 616463 is divided by 1383?
1028
What is the remainder when 9382822 is divided by 36?
34
Calculate the remainder when 2369966 is divided by 883.
877
Calculate the remainder when 5767403 is divided by 110.
103
Calculate the remainder when 70313845 is divided by 239.
45
What is the remainder when 4851224 is divided by 135?
134
What is the remainder when 228405 is divided by 3512?
125
Calculate the remainder when 583534 is divided by 290727.
2080
Calculate the remainder when 6470784 is divided by 23.
10
What is the remainder when 34162 is divided by 16770?
622
Calculate the remainder when 56288 is divided by 1062.
2
What is the remainder when 1297730 is divided by 648852?
26
What is the remainder when 221301 is divided by 697?
352
What is the remainder when 49249 is divided by 3313?
2867
Calculate the remainder when 63718 is divided by 7.
4
What is the remainder when 1022390 is divided by 204476?
10
What is the remainder when 3762120 is divided by 940509?
84
Calculate the remainder when 2253735 is divided by 2253731.
4
Calculate the remainder when 89022653 is divided by 4386.
11
What is the remainder when 4395152 is divided by 129?
122
Calculate the remainder when 852 is divided by 285.
282
Calculate the remainder when 2597251 is divided by 1089.
1075
Calculate the remainder when 1018584 is divided by 156.
60
Calculate the remainder when 43482 is divided by 6151.
425
Calculate the remainder when 2234192 is divided by 155.
22
Calculate the remainder when 57648 is divided by 823.
38
What is the remainder when 274490 is divided by 21107?
99
What is the remainder when 3233118 is divided by 484?
482
What is the remainder when 325593 is divided by 646?
9
What is the remainder when 270101 is divided by 53881?
696
Calculate the remainder when 32862 is divided by 820.
62
Calculate the remainder when 7298 is divided by 3072.
1154
Calculate the remainder when 5497291 is divided by 43.
42
What